{"id":20,"date":"2015-07-23T17:17:51","date_gmt":"2015-07-23T17:17:51","guid":{"rendered":"http:\/\/www.pwslogistica.com.br\/site\/?page_id=20"},"modified":"2015-07-23T18:58:17","modified_gmt":"2015-07-23T18:58:17","slug":"suporte","status":"publish","type":"page","link":"http:\/\/www.pwslogistica.com.br\/site\/?page_id=20","title":{"rendered":"Suporte"},"content":{"rendered":"<p class=\"txt11cinza\"><strong>Hor\u00e1rio de atendimento do suporte t\u00e9cnico: das 08:30 \u00e0s 12:00 e das 13:30 \u00e0s 17:45 de segunda a sexta feira.<\/strong><\/p>\n<p class=\"txt11cinza\">Telefone: (41)4063-9616<\/p>\n<p class=\"txt11cinza\">Telefone: (41)9848-9524<\/p>\n","protected":false},"excerpt":{"rendered":"<p>Hor\u00e1rio de atendimento do suporte t\u00e9cnico: das 08:30 \u00e0s 12:00 e das 13:30 \u00e0s 17:45 de segunda a sexta feira. Telefone: (41)4063-9616 Telefone: (41)9848-9524<\/p>\n","protected":false},"author":1,"featured_media":0,"parent":0,"menu_order":0,"comment_status":"open","ping_status":"open","template":"","meta":{"footnotes":""},"class_list":["post-20","page","type-page","status-publish","hentry"],"_links":{"self":[{"href":"http:\/\/www.pwslogistica.com.br\/site\/index.php?rest_route=\/wp\/v2\/pages\/20","targetHints":{"allow":["GET"]}}],"collection":[{"href":"http:\/\/www.pwslogistica.com.br\/site\/index.php?rest_route=\/wp\/v2\/pages"}],"about":[{"href":"http:\/\/www.pwslogistica.com.br\/site\/index.php?rest_route=\/wp\/v2\/types\/page"}],"author":[{"embeddable":true,"href":"http:\/\/www.pwslogistica.com.br\/site\/index.php?rest_route=\/wp\/v2\/users\/1"}],"replies":[{"embeddable":true,"href":"http:\/\/www.pwslogistica.com.br\/site\/index.php?rest_route=%2Fwp%2Fv2%2Fcomments&post=20"}],"version-history":[{"count":2,"href":"http:\/\/www.pwslogistica.com.br\/site\/index.php?rest_route=\/wp\/v2\/pages\/20\/revisions"}],"predecessor-version":[{"id":47,"href":"http:\/\/www.pwslogistica.com.br\/site\/index.php?rest_route=\/wp\/v2\/pages\/20\/revisions\/47"}],"wp:attachment":[{"href":"http:\/\/www.pwslogistica.com.br\/site\/index.php?rest_route=%2Fwp%2Fv2%2Fmedia&parent=20"}],"curies":[{"name":"wp","href":"https:\/\/api.w.org\/{rel}","templated":true}]}}