{"id":10,"date":"2015-07-23T17:17:23","date_gmt":"2015-07-23T17:17:23","guid":{"rendered":"http:\/\/www.pwslogistica.com.br\/site\/?page_id=10"},"modified":"2015-07-23T18:05:59","modified_gmt":"2015-07-23T18:05:59","slug":"tecnologia","status":"publish","type":"page","link":"http:\/\/www.pwslogistica.com.br\/site\/?page_id=10","title":{"rendered":"Tecnologia"},"content":{"rendered":"<p><img loading=\"lazy\" decoding=\"async\" class=\"alignnone  wp-image-12\" src=\"http:\/\/www.pwslogistica.com.br\/site\/wp-content\/uploads\/2015\/07\/java-179x300-179x300-179x300.png\" alt=\"java-179x300-179x300\" width=\"145\" height=\"243\" \/><\/p>\n<p style=\"text-align: justify;\">Principal linguagem de programa\u00e7\u00e3o utilizada por nossa empresa para cria\u00e7\u00e3o dos aplicativos.<\/p>\n<p><img loading=\"lazy\" decoding=\"async\" class=\"alignnone  wp-image-17\" src=\"http:\/\/www.pwslogistica.com.br\/site\/wp-content\/uploads\/2015\/07\/red-hat-300x100-300x100-300x100.png\" alt=\"red-hat-300x100-300x100\" width=\"273\" height=\"91\" \/><\/p>\n<p style=\"text-align: justify;\">Sistema operacional cooperativo em nossos servidores com certifica\u00e7\u00e3o de seguran\u00e7a e alto desempenho.<\/p>\n<p><img loading=\"lazy\" decoding=\"async\" class=\"alignnone  wp-image-13\" src=\"http:\/\/www.pwslogistica.com.br\/site\/wp-content\/uploads\/2015\/07\/jboss.png\" alt=\"jboss\" width=\"217\" height=\"130\" \/><\/p>\n<p style=\"text-align: justify;\">O JBoss \u00e9 um servidor de aplica\u00e7\u00f5es baseado em Java.<br \/>\nUm servidor de aplica\u00e7\u00f5es \u00e9 um software que prov\u00ea um ambiente completo para que outras aplica\u00e7\u00f5es sejam executadas dentro dele usando uma gama de servi\u00e7os provida pelo servidor de aplica\u00e7\u00f5es.<\/p>\n<p style=\"text-align: justify;\"><img loading=\"lazy\" decoding=\"async\" class=\"alignnone  wp-image-18\" src=\"http:\/\/www.pwslogistica.com.br\/site\/wp-content\/uploads\/2015\/07\/tomcat.png\" alt=\"tomcat\" width=\"161\" height=\"114\" \/><\/p>\n<p style=\"text-align: justify;\">O Tomcat \u00e9 um servidor web Java, mais especificamente, um container de servlets. O Tomcat implementa, dentre outras de menor relev\u00e2ncia, as tecnologias Java Servlet e JavaServer Pages (JSP).<\/p>\n<p style=\"text-align: justify;\"><img loading=\"lazy\" decoding=\"async\" class=\"alignnone size-medium wp-image-15\" src=\"http:\/\/www.pwslogistica.com.br\/site\/wp-content\/uploads\/2015\/07\/mysql-300x200-300x200-300x200.png\" alt=\"mysql-300x200-300x200\" width=\"300\" height=\"200\" \/><\/p>\n<p style=\"text-align: justify;\">O MySQL \u00e9 um sistema de gerenciamento de banco de dados (SGBD), que utiliza a linguagem SQL (Linguagem de Consulta Estruturada, do ingl\u00eas Structured Query Language) como interface. \u00c9 atualmente um dos bancos de dados mais populares, com mais de 10 milh\u00f5es de instala\u00e7\u00f5es pelo mundo.<\/p>\n<p style=\"text-align: justify;\"><img loading=\"lazy\" decoding=\"async\" class=\"alignnone size-medium wp-image-16\" src=\"http:\/\/www.pwslogistica.com.br\/site\/wp-content\/uploads\/2015\/07\/postgresql.png\" alt=\"postgresql\" width=\"262\" height=\"207\" \/><\/p>\n<p style=\"text-align: justify;\">O PostgreSQL \u00e9 um SGBD (Sistema Gerenciador de Banco de Dados) objeto-relacional de c\u00f3digo aberto, com mais de 15 anos de desenvolvimento. \u00c9 extremamente robusto e confi\u00e1vel, al\u00e9m de ser extremamente flex\u00edvel e rico em recursos.<\/p>\n<p style=\"text-align: justify;\"><a href=\"http:\/\/www.pwslogistica.com.br\/site\/wp-content\/uploads\/2015\/07\/gwe11.png\"><img loading=\"lazy\" decoding=\"async\" class=\"alignnone wp-image-11 size-full\" src=\"http:\/\/www.pwslogistica.com.br\/site\/wp-content\/uploads\/2015\/07\/gwe11.png\" alt=\"gwe11\" width=\"560\" height=\"213\" srcset=\"http:\/\/www.pwslogistica.com.br\/site\/wp-content\/uploads\/2015\/07\/gwe11.png 560w, http:\/\/www.pwslogistica.com.br\/site\/wp-content\/uploads\/2015\/07\/gwe11-300x114.png 300w\" sizes=\"auto, (max-width: 560px) 100vw, 560px\" \/><\/a><\/p>\n<p>&nbsp;<\/p>\n<p class=\"txt11cinza\" style=\"text-align: justify;\">Modelo de vis\u00e3o de integra\u00e7\u00e3o entre nosso datacenter rodando o aplicativo Software para Gerenciamento de Transportadoras, nossos clientes e seus consumidores finais.<\/p>\n","protected":false},"excerpt":{"rendered":"<p>Principal linguagem de programa\u00e7\u00e3o utilizada por nossa empresa para cria\u00e7\u00e3o dos aplicativos. Sistema operacional cooperativo em nossos servidores com certifica\u00e7\u00e3o de seguran\u00e7a e alto desempenho. O JBoss \u00e9 um servidor de aplica\u00e7\u00f5es baseado em Java. Um servidor de aplica\u00e7\u00f5es \u00e9 um software que prov\u00ea um ambiente completo para que outras aplica\u00e7\u00f5es sejam executadas dentro dele [&hellip;]<\/p>\n","protected":false},"author":1,"featured_media":0,"parent":0,"menu_order":0,"comment_status":"open","ping_status":"open","template":"","meta":{"footnotes":""},"class_list":["post-10","page","type-page","status-publish","hentry"],"_links":{"self":[{"href":"http:\/\/www.pwslogistica.com.br\/site\/index.php?rest_route=\/wp\/v2\/pages\/10","targetHints":{"allow":["GET"]}}],"collection":[{"href":"http:\/\/www.pwslogistica.com.br\/site\/index.php?rest_route=\/wp\/v2\/pages"}],"about":[{"href":"http:\/\/www.pwslogistica.com.br\/site\/index.php?rest_route=\/wp\/v2\/types\/page"}],"author":[{"embeddable":true,"href":"http:\/\/www.pwslogistica.com.br\/site\/index.php?rest_route=\/wp\/v2\/users\/1"}],"replies":[{"embeddable":true,"href":"http:\/\/www.pwslogistica.com.br\/site\/index.php?rest_route=%2Fwp%2Fv2%2Fcomments&post=10"}],"version-history":[{"count":2,"href":"http:\/\/www.pwslogistica.com.br\/site\/index.php?rest_route=\/wp\/v2\/pages\/10\/revisions"}],"predecessor-version":[{"id":46,"href":"http:\/\/www.pwslogistica.com.br\/site\/index.php?rest_route=\/wp\/v2\/pages\/10\/revisions\/46"}],"wp:attachment":[{"href":"http:\/\/www.pwslogistica.com.br\/site\/index.php?rest_route=%2Fwp%2Fv2%2Fmedia&parent=10"}],"curies":[{"name":"wp","href":"https:\/\/api.w.org\/{rel}","templated":true}]}}